5
Calculate -11 + (15 + -53 - (-70 - -105)).
-84
What is -107 - (-72 - (58 + -29))?
-6
Calculate 8 - ((-2 - 1) + 12 + -18).
17
Evaluate (-74 - (3 - 92)) + (38 - 0).
53
Evaluate (12 - 8 - 50 - -46) + -98.
-98
What is -46 + (8 - -37) + (-2 - 1 - (1 - 16))?
11
1 - (1 - 51) - (65558 + -65525)
18
(-1 - 11) + (-117 - -153) + (0 - 7)
17
What is 30 - (25 + (-1 - 0))?
6
What is -25 + 37 + (-3 + 0 - 2 - 1) + -84?
-78
114 + -145 - (-23 + 3 + -7)
-4
Evaluate (8 + -7 - (9 + 0)) + (-191 - -242).
43
2124 - 2169 - (-1 + -85)
41
3398 + -3378 - (1 - (-111 + -1))
-93
What is 140 - (209 + -99 - 20)?
50
What is (0 + -3 - -19 - 16) + -103 - (2 + 5)?
-110
What is the value of -36 - -12 - (13 - -5 - 56)?
14
Evaluate -7 + -96 + (-16 - (-16 - (17 + -29))).
-115
What is -6 + -57 - -60 - (0 - 4) - 22?
-21
What is (1 - -68) + 355 + -374?
50
What is the value of 12 - (1202 + -1189 + (19 - (-2 - -4)))?
-18
What is (106 - 7) + 96 + -167?
28
0 + (9 - 111) - (66 + -98)
-70
Calculate 40 - (54 + (47 - 17)).
-44
-74 + -88 + -28 + 150
-40
9 + (1 - -42 - 20 - (9 - -2))
21
5 + 2 + -1 + 1 + (-235 - -72 - -90)
-66
-34 - (50 + 10 - 85)
-9
Calculate -32 - (-14 - (-24 - (16 + -25))).
-33
Calculate (0 - -3) + (9 - 23 - (-4 + -37 + -24)).
54
What is 1 - 1 - -54 - (-40 - (-25 - 39 - -29))?
59
-1 - (-35 - -23) - (46 + 8)
-43
What is 19 + (-13 - (-7 - -3) - ((-3 - -11) + -14))?
16
(-14573 - -14477) + 65 + 1
-30
What is the value of (-42 + 55 - -21) + -32?
2
Calculate -13 + 0 + (8 - 4) - (-40 + (75 - 43)).
-1
Evaluate 29 + (-2 - -31) + 15 + 24.
97
What is -12 + (-2 - -6) + -39 + 45 + -48?
-50
What is -25 - -24 - (-1 + 11) - 31?
-42
What is the value of ((0 - -7) + (90 - 102) - 3) + 4?
-4
Evaluate (-283 - -272) + -3 + -30 - 24.
-68
Calculate (-4 - -14) + -1472 + 1403.
-59
What is 10 + 11 + (-12 - 11) + -2 - -39?
35
What is the value of 75 - (113 - 210) - 78?
94
What is 16 - (10 + (-11 - 1) + (-21 - 12))?
51
Evaluate 11 + (0 - 4 - (31 - -9 - 6 - 14)).
-13
What is -2 - -20 - 26 - (-60 + -5 + 3 + 2)?
52
Calculate 2 + 4 + -4 + (30 - (-3 + 42)) - -1.
-6
Evaluate 47 + 31 + (-97 - -32).
13
Evaluate ((8 - -1) + -4 - 8) + -94 + 81.
-16
What is the value of 8278 + -8168 + 2 + 8?
120
Evaluate 0 + (-7 - 1 - 0 - (-114 + 66 + 90)).
-50
Calculate (-13 - -1) + 3620 + -3691.
-83
What is -148 + (-16 - 0 - -182)?
18
Evaluate 2 + 25 + 6 + 19 - (-1 + -2 + -1).
56
Calculate 197 + -187 + (4 - 40).
-26
What is 80 + 2 - (-543 + 559)?
66
Calculate (10 - -25 - 42) + -38.
-45
What is the value of -37 + (78 - (-49 - -106))?
-16
What is 24 + -17 - (-223 + 292)?
-62
Evaluate 29 - 0 - (-35 + (-15 - (34 - 73))).
40
Evaluate 546 + -490 + -24 + -1 - 13.
18
What is the value of -568 + 491 + 64 + 0?
-13
Evaluate -10 - (2 - 5 - (-29 - 13 - -29)).
-20
What is the value of 32 - (19 - 1) - 7 - (51 + 3)?
-47
What is the value of 109 + -108 - (-17 + 10 - (21 + 0))?
29
Calculate (-4 + 5 - -12) + (-7 - (-5 + -10)).
21
Evaluate 8 + 7 + -3 + -1 + 20 + -15.
16
What is (1 - -7 - (-34 - -20)) + -11?
11
(63 + -71 - 24) + (54 - 4)
18
What is the value of (2 + 1 - (13 - (19 + -3))) + -39?
-33
What is -35 + (14 - (0 + -3 + 37))?
-55
Calculate (10 - 16) + 5 + -10 + 1.
-10
8 + (-25 - -4) + (21 - 39)
-31
What is the value of 9 - (-15 - -3 - (-21 - (-8 + -1 - 2)))?
11
-34 - (69 + -36 + -8 + -7)
-52
Calculate 12 + (-56 + 42 - (-2 + -47)).
47
Evaluate 8 + 8 + -14 + -1 + (15 - 2).
14
What is the value of -105 - (3 + -5 + -10 + (60 - (-84 + 128)))?
-109
What is the value of 41 + 30 + (0 - -7) + (8 + 20 - 36)?
70
Evaluate (41 + -3 + -48 - -11) + (-1 - 36) + -2.
-38
Calculate (-28 + -65 - -174) + (-1 + 1 - (6 + -2)).
77
1 + 8 - ((-23 - -6) + 53 + 109)
-136
What is (5 - 8) + 638 + -643?
-8
(75 - (-80 - -113)) + -79
-37
Calculate -63 - (-155 - 40) - 219.
-87
Evaluate -26 + -41 + 62 + 2.
-3
Evaluate 42 - (-54 - (-53 + -33)) - (-1 + (0 - -21)).
-10
48 - (67 - 27) - 37 - -62
33
What is 51 + (1 - 1) - ((7 - -24) + -40)?
60
What is the value of 88 - (-61 + 201) - -97?
45
What is the value of 4 - (7 - -11) - (1 - 17) - -122?
124
Calculate 7 + 0 + (-18 - -44) - (-121 - -110).
44
What is the value of -12 + (163 - 3) + (-2 - -1) + (-40 - -45)?
152
2 + -22 - (-273 + 246) - -21
28
What is -151 + -19 + -5 + 11 + 41?
-123
Evaluate 1533 + -1592 + 44 + -1.
-16
-1186 - -1188 - ((0 - 0) + -64)
66
What is the value of -59 + -53 + 225 + -26?
87
What is the value of 14 + -1 - (-30 + -37 + 140 + -42)?
-18
What is the value of 20343 + -20303 + (-1 - -1) + -1 + (17 - 2)?
54
What is 8 + (2 - -4) - (21 - -6 - 29)?
16
-6 - (59 - 144 - -8)
71
Calculate (-27 - -25) + -13 + 15 + 16.
16
What is the value of 7 + 7 - -9 - -22 - (1 + -11)?
55
5 - (-19 - -33) - (28 + 7 - 8)
-36
What is 30 + (-5 + 28 + -53 + 29 - (8 - 1))?
22
Calculate 4 + (45 - (1 + 12 - 10) - 1).
45
What is the value of 3 + 0 + -2 - (34 + (22 - 54) - 32)?
31
What is the value of (2 + 0 - (1262 - 1278)) + -24 + -1?
-7
21245 - 21146 - (-3 + -2 + -2 + 4)
102
What is the value of 60 - (-25 + (45 - -27))?
13
Calculate -110 - 1 - 4 - (19 + 13 - 44).
-103
-15 + 39 + 32 - 19 - 1
36
Calculate 261 + -262 - (-40 - ((-5 - 1) + 10)).
43
What is -17 - (51 - 24) - (-160 + -5)?
121
What is the value of -4 - -14 - (898 + -910)?
22
Evaluate 43 + (-118 - -69 - 11).
-17
Calculate -1 + 10 + 2 + 25 + 2 + -32.
6
Calculate -84 - (-34 - (29 + -22 - 19)).
-62
Calculate 31 + -30 + 15 + -17 + -7.
-8
What is -46 - (81 + -54 + -139)?
66
Evaluate -10 + (-87 - (4 + -3)) + -39.
-137
What is the value of -3 - (22 - (63 - 28) - (-13 - 0))?
-3
Calculate (59 - 84) + 66 - -17.
58
Evaluate -12 + 53 + (-35 - -25) + -17.
14
1 + 5 + (30 - 35) + -14
-13
What is the value of (-32 - -47 - 119) + 166?
62
What is (25 - 10) + (120 - (-18 + (-3 - -4 - -7)))?
145
What is -2 - 28 - (-2095 + 2065)?
0
-74 + -14 + 43 + -29 - -10
-64
Evaluate (39 - 95 - -10) + 38 + 131.
123
What is 82 - (39 - ((-25 - -51) + 2))?
71
What is ((0 + 8 - -12) + -16 - 14) + 9 - -62?
61
What is the value of (15 - 96) + -2 + -3 - (-18 + 18)?
-86
Calculate (-3 - -89) + (1508 - 1568).
26
Calculate (5 - (-1 + -3)) + (-20 - -22) + -6 + -11.
-6
Calculate (1 + -6 - (-62 - -44)) + -19.
-6
What is the value of 9 - (-9 - (-15 - -18)) - 18?
3
What is the value of 15 - ((2 - -9) + (-335 - -345))?
-6
What is the value of (1 + 4 - (-2 + 16) - -21 - -5) + 9?
26
(12 - -11) + (7 - 18) + 22
34
(1367 - 1366) + (6 - 1) - (-41 + 2)
45
Calculate 12 - ((-15 - -8) + 3 + 6 + -17).
27
Calculate (13 + (9 - (18 - 0)) - 4) + 10 - 107.
-97
(-73 - -31) + 63 + -3
18
Evaluate (-3 - (-6 + -1) - (-22 - (17 - 50))) + -10.
-17
What is the value of (-31 - 0) + 1817 + -1782?
4
Evaluate 26 + -31 + -40 + 7 + 63.
25
What is 58 + -25 + -11 + 32?
54
(-4 + 2 - -3) + 2 - (-21 + 71)
-47
What is the value of (-1 - 6) + -24 - (-36 - -48 - -8)?
-51
-57 + -8 + (-63 - -71) + (-3 - (-12 - -2))
-50
What is the value of -10 + (-13 - 29 - -23 - 22)?
-51
(6 - -50 - 40) + -26
-10
What is the value of -1 + -9 - (-175 + 157) - (-2 + -3)?
13
Evaluate -52 - 4 - (-684 + 710).
-82
-12 - ((6 - 19) + (71 - 39))
-31
What is -17 - (-56 + -1 + -15 + 18)?
37
Calculate -91 - (-18 + -25 + 81).
-129
What is 9 - 17 - 72 - (-15 + -9 + 16)?
-72
Evaluate 86 - (36 + 177 - 101).
-26
Evaluate -21 + 11 - (36 - 16 - 37).
7
What is (-50 - -43 - (13 + -1 + -4)) + -140 + 132?
-23
92 + -39 + -15 + -15
23
Calculate -65 + (-82 - -50) + 34 + -43.
-106
Calculate -67 + -66 + 189 + -116.
-60
What is the value of 5 - ((-22 - -12) + -1 + (3 - 29))?
42
4 + 34 - (-37 - -47) - (-2 - -10)
20
Evaluate (0 + -9 + 32 - 0) + 10 + -2.
31
Calculate -1 + -1 + -2 + 4 + -26 + 43.
17
(68 - 201 - -209) + 2 + (2 - (4 - -2))
74
Calculate -8 - -94 - 1 - ((0 - -17) + 217 + -233).
84
What is (-5 - -14 - 1) + (35 - 2)?
41
Calculate (-63 - (-56 + -49)) + (0 - -21).
63
(-17 - -42) + (38 - 18) + -16 + (0 - 0)
29
What is the value of 3 + -51 + -3 + -4 + 14 + -17 + 9?
-49
What is the value of -5 + 142 + -175 + (2 - (-5 + 10) - 7)?
-48
What is (-23 + 56 - (-8 - -18)) + 43?
66
Evaluate 1 + -2 - (-41 + 19 + 9 - (-9 + -14)).
-11
Evaluate 2 + (-6 - -2 - (-2 - 2)) - (51 + 2).
-51
What is the value of (65 + -79 - (3 - 21)) + 8?
12
What is the value of -11 - (-16 + (-46 - -71))?
-20
What is (87 - (5 - ((-2 - -2) + 6))) + 7 + -9?
86
Calculate 31 - (59 + 26) - (-18 - -16) - (1 - 0).
-53
Calculate 12 + -22 + -11 - ((-10 - -21)